{"version":"1.0","provider_name":"Voyages et Vacances en Italie","provider_url":"https:\/\/www.vacancesitalie.net\/voyages","author_name":"Sabina","author_url":"https:\/\/www.vacancesitalie.net\/voyages\/author\/sabina\/","title":"La Notte della Taranta; Concert Final - Voyages et Vacances en Italie","type":"rich","width":600,"height":338,"html":"<blockquote class=\"wp-embedded-content\" data-secret=\"POBZZ8qn1b\"><a href=\"https:\/\/www.vacancesitalie.net\/voyages\/95\/la-notte-della-taranta-concert-final\/\">La Notte della Taranta; Concert Final<\/a><\/blockquote><iframe sandbox=\"allow-scripts\" security=\"restricted\" src=\"https:\/\/www.vacancesitalie.net\/voyages\/95\/la-notte-della-taranta-concert-final\/embed\/#?secret=POBZZ8qn1b\" width=\"600\" height=\"338\" title=\"&#8220;La Notte della Taranta; Concert Final&#8221; &#8212; Voyages et Vacances en Italie\" data-secret=\"POBZZ8qn1b\" frameborder=\"0\" marginwidth=\"0\" marginheight=\"0\" scrolling=\"no\" class=\"wp-embedded-content\"><\/iframe><script type=\"text\/javascript\">\n\/* <![CDATA[ *\/\n\/*! This file is auto-generated *\/\n!function(d,l){\"use strict\";l.querySelector&&d.addEventListener&&\"undefined\"!=typeof URL&&(d.wp=d.wp||{},d.wp.receiveEmbedMessage||(d.wp.receiveEmbedMessage=function(e){var t=e.data;if((t||t.secret||t.message||t.value)&&!\/[^a-zA-Z0-9]\/.test(t.secret)){for(var s,r,n,a=l.querySelectorAll('iframe[data-secret=\"'+t.secret+'\"]'),o=l.querySelectorAll('blockquote[data-secret=\"'+t.secret+'\"]'),c=new RegExp(\"^https?:$\",\"i\"),i=0;i<o.length;i++)o[i].style.display=\"none\";for(i=0;i<a.length;i++)s=a[i],e.source===s.contentWindow&&(s.removeAttribute(\"style\"),\"height\"===t.message?(1e3<(r=parseInt(t.value,10))?r=1e3:~~r<200&&(r=200),s.height=r):\"link\"===t.message&&(r=new URL(s.getAttribute(\"src\")),n=new URL(t.value),c.test(n.protocol))&&n.host===r.host&&l.activeElement===s&&(d.top.location.href=t.value))}},d.addEventListener(\"message\",d.wp.receiveEmbedMessage,!1),l.addEventListener(\"DOMContentLoaded\",function(){for(var e,t,s=l.querySelectorAll(\"iframe.wp-embedded-content\"),r=0;r<s.length;r++)(t=(e=s[r]).getAttribute(\"data-secret\"))||(t=Math.random().toString(36).substring(2,12),e.src+=\"#?secret=\"+t,e.setAttribute(\"data-secret\",t)),e.contentWindow.postMessage({message:\"ready\",secret:t},\"*\")},!1)))}(window,document);\n\/* ]]> *\/\n<\/script>\n","description":"Grand concert finale pour La Notte della Taranta, l\u2019\u00e9v\u00e8nement le plus attendu de l\u2019ann\u00e9e dans la splendide zone des Pouilles nomm\u00e9es le Salento. Mauro Pagani revient encore cette ann\u00e9e \u00e0 Melpignano pour diriger ce maxi concert, le 23 aout pr\u00e8s du \u201cPiazzale del Convento degli Agostiniani\u201d. Nombreux seront les invit\u00e9s qui chanteront et danseront aux rythmes de la Pizzica, traditionnelle danse du Salento. Le concert commencera \u00e0 19.30 avec en ouverture: Menamenam\u00f2, Giovanni Avantaggiato, la Famiglia Cordella, Uccio Aloisi Gruppu e Officina Zo\u00e8. La soir\u00e9e continuera avec un omage \u00e0 pino Zimba. (Cette ann\u00e9e cette \u00e9dition de la Notte della Taranta est d\u00e9di\u00e9e \u00e0 Pino Zimba) Parmi les invit\u00e9s d\u2019honeur l\u2019on retrouvera Caparezza, Apr\u00e8s La Classe et les tant attendu Sud Sound System. Un grand concert qui durera toute la nuit et qui attend cette ann\u00e9e encore des milliers personnes. Un des \u00e9v\u00e9nements les plus fameux du sud de l\u2019Italie qui n\u2019attend que vous! Pour plus d\u2019informations sur le maxi concert finale visiter le site http:\/\/www.lanottedellataranta.it","thumbnail_url":"http:\/\/www.lanottedellataranta.it\/immagini\/FRONTE-PALCO.jpg"}

Grand concert finale pour La Notte della Taranta, l’évènement le plus attendu de l’année dans la splendide zone des Pouilles nommées le Salento. Mauro Pagani revient encore cette année à Melpignano pour diriger ce maxi concert, le 23 aout près du “Piazzale del Convento degli Agostiniani”. Nombreux seront les invités qui chanteront et danseront aux rythmes de la Pizzica, traditionnelle danse du Salento. Le concert commencera à 19.30 avec en ouverture: Menamenamò, Giovanni Avantaggiato, la Famiglia Cordella, Uccio Aloisi Gruppu e Officina Zoè. La soirée continuera avec un omage à pino Zimba. (Cette année cette édition de la Notte della Taranta est dédiée à Pino Zimba) Parmi les invités d’honeur l’on retrouvera Caparezza, Après La Classe et les tant attendu Sud Sound System. Un grand concert qui durera toute la nuit et qui attend cette année encore des milliers personnes. Un des événements les plus fameux du sud de l’Italie qui n’attend que vous! Pour plus d’informations sur le maxi concert finale visiter le site http://www.lanottedellataranta.it
